 -4 = 4*y, -5*n = -3*n + y - 1. What is h(n)?
8
Let j(r) = r**2 + 5*r + 5. Let s be j(-5). Let n = 14 - 11. Let f(x) = 2 - 9*x + 2 + x + 4*x**2 - n*x**2. Give f(s).
-11
Let r(c) = -2*c**3 + 4*c**2 - 3*c + 2. Suppose -2*k - q + 2 + 7 = 0, -3*k + 4*q = -41. Let s = 9 - k. Determine r(s).
-4
Let c(n) = -3*n**2 - n. Let l(h) = 13*h**2 + 8*h. Let f(z) = 5*c(z) + l(z). Let u(v) = -v + 7. Let b be u(5). Give f(b).
-2
Let g be 24/(-40) - 16/(-10). Let o be ((-1)/3)/((-2)/12). Let q(y) = -4*y**o - 2*y**2 + 3*y**2. Give q(g).
-3
Let w(d) = 5*d**2 + d. Let t be w(1). Let q(o) be the first derivative of o**4/4 - 7*o**3/3 + 7*o**2/2 - 3*o - 1. Determine q(t).
3
Let d(b) be the second derivative of -3*b**5/20 - b**4/3 - b**3/2 - b**2 + b. Let u(g) = -g**3 - g. Let y(t) = -d(t) + 4*u(t). Let j = -10 + 14. Calculate y(j).
-2
Suppose -102*u + 107*u = -10. Let w(a) = a**3 + a**2 + 2*a - 1. Give w(u).
-9
Let t(y) be the first derivative of -y**6/120 + y**5/15 + y**4/8 + 5*y**3/6 + y**2 + 2. Let l(f) be the second derivative of t(f). Determine l(5).
-5
Let o(y) = -3*y**2 + 3*y - 2. Let l(c) = -6*c**2 + 5*c - 4. Let g(n) = 3*l(n) - 5*o(n). Give g(2).
-14
Let v(w) be the second derivative of w**4/12 - w**3/3 + w**2 - 2*w. Suppose 0*s - 9 = -3*s. Give v(s).
5
Let s(w) = w**2 + 5*w + 7. Let b(k) = 5*k**3 + k. Let j be b(1). Suppose -2*i - j - 4 = 0. Determine s(i).
7
Let g(x) = -x - 3. Let r(d) = -d - 3. Let h(b) = -4*g(b) + 3*r(b). Determine h(-6).
-3
Let l(t) be the second derivative of -1/3*t**4 + 0*t**2 + 1/20*t**5 + 2/3*t**3 + 0 + 3*t. Let z be l(3). Let w(d) = -d**3 + 4*d**2 - 4*d + 3. Calculate w(z).
0
Let r(o) = -o + 4. Suppose g - 3 = -4*t, 3*g - 2*t = 2*t + 9. Determine r(g).
1
Let x(r) = -r - 1. Let l(t) be the third derivative of t**4/12 + t**3/3 + t**2. Let z(o) = -6*l(o) - 11*x(o). Give z(-3).
2
Let k be 1/(4/(-8)) + 5. Let g(u) = 2*u**2 - 2*u - 3. Determine g(k).
9
Let a(b) be the second derivative of b**4/12 - b**3 - b**2/2 - b. Suppose n = 2*n - 5. Calculate a(n).
-6
Let h(a) = 0*a - 6*a + 5*a. Determine h(-3).
3
Let v(b) = b**3 - 5*b**2 + 5*b + 3. Let q be v(4). Let d(p) = -4*p - 4*p + 0*p - q*p. What is d(1)?
-15
Let w(t) = -t - 11. Let c = -10 + 4. What is w(c)?
-5
Suppose -5*c + 5*f = 20, 0*c + 1 = 2*c + f. Let x(d) = -5*d. Give x(c).
5
Let b(d) = d**2 + d - 3. Let y = 5 - 8. Let c(k) = k**3 + 4*k**2 + 3*k - 1. Let i be c(y). Let a = i - -1. Calculate b(a).
-3
Let a(n) = n**3 - 5*n**2 + 2*n + 3. Suppose -3*b + 39 = -12. Suppose -b - 3 = -5*k. Give a(k).
-5
Let b(p) = 3*p + 4. Suppose -6*n + 0*n - 24 = 0. What is b(n)?
-8
Suppose m - 11 = -5*d, -2*d = m - 0*d - 8. Let w = 9 - m. Let l(j) = -j - 1. What is l(w)?
-4
Let y(a) = -a**2 + 6*a - 5. Suppose 0 = f + f - 16. Let v = 12 - f. What is y(v)?
3
Let f(g) = 1. Let q(p) = p - 9. Let x(s) = 14*f(s) + 2*q(s). Let m be -33*(7/(-3) - -3). Let i be (-8)/(-20) + m/5. Determine x(i).
-12
Let w(f) = 70*f + 5 - 68*f - 1. Give w(-4).
-4
Let n(j) be the second derivative of -2/3*j**3 + 0 - j - 1/6*j**4 - j**2. Calculate n(-2).
-2
Let p(s) = s**2 - s + 1. Let r be p(1). Let c(f) = -4*f + 5*f + r - 3*f. Let g = 34 - 32. Calculate c(g).
-3
Let p(q) = -q**2 + 4*q - 3. Suppose 2*u = 7*u + 30. Let r = 0 - u. Suppose -f + r*f = -25, 5*w + 5 = -4*f. Calculate p(w).
0
Suppose v = 6*v. Let c be v - (0/(-3) - -1). Let f be (-1)/(-1 + 2)*c. Let a(b) = -2*b**2 + b. Calculate a(f).
-1
Let v(g) = -2*g**2 - 11*g - 2. Let l be 231/49 + 2/7. Let h(j) = -j**2 - 6*j - 1. Let p(n) = l*h(n) - 3*v(n). Calculate p(-4).
5
Let f(u) = -5*u**2 + 2*u + 1. Let x be (-1 + 0)/(1/49). Let a = -30 - -50. Let y be (-21)/x + a/(-14). Give f(y).
-6
Let y(t) = 2*t**2 + 12*t - 3. Let o(i) = -i**2 - 6*i + 1. Let s(c) = 13*o(c) + 6*y(c). What is s(-6)?
-5
Let c(v) = 2*v**3 - v. Let n be c(1). Let t(g) be the second derivative of g**5/10 + g**4/12 + g**3/6 - g**2/2 - g. Give t(n).
3
Suppose -10*v + 5*v + 130 = 0. Let x be 20/(-70) - v/7. Let d(o) = -o**3 - 3*o**2 + 4*o + 3. What is d(x)?
3
Let t(i) be the third derivative of -i**4/24 - 3*i**3/2 - 5*i**2. Give t(-5).
-4
Let i(l) be the third derivative of l**4/24 - 3*l**3/2 - 2*l**2. What is i(13)?
4
Let k be 8/(-16) - (-5)/2. Let f(z) be the first derivative of -z + 1/3*z**3 - z**2 - 2. Give f(k).
-1
Let j(d) = -1 - 5*d + 1 - 1. Determine j(1).
-6
Let i(s) be the second derivative of 0 + 3*s - 1/2*s**3 - 3/2*s**2. Give i(-2).
3
Suppose -35 = -5*f - 0*f. Suppose -1 = 4*y + f. Let q(p) = -3*p. Determine q(y).
6
Let k(a) be the second derivative of -a**3/3 + a**2/2 - a. Suppose -7 = -4*r + 9. What is k(r)?
-7
Let k(n) = -13*n**3 - 24*n**2 - 4*n - 13. Let j(p) = 3*p**3 + 6*p**2 + p + 3. Let h(s) = -9*j(s) - 2*k(s). Calculate h(-6).
5
Let p(v) = -v**3 - v**2 - v - 1. Let r(s) = -4*s**3 + 2*s**2 - 2*s - 6. Let j(b) = -3*p(b) + r(b). Calculate j(5).
2
Suppose -5*v + 5 = 0, o + 11 = 5*v - 1. Let k be (-4)/10 - o/5. Let a(x) = 0 + 0*x + 4*x - 2*x - k. What is a(-4)?
-9
Let v be -2 - -11 - (-4 + 4). Let n = 14 - v. Let u(o) = o - 1 - 1 - 4*o**2 + o**3 - 6*o. Determine u(n).
-2
Suppose 2*u - w = 9, u + 4 = 5*w - 5. Let x(h) = 8 + 0*h - 3*h + h. Calculate x(u).
-4
Let y(j) be the first derivative of -3*j**4/4 - j**2 + j + 6. What is y(1)?
-4
Let o(v) be the third derivative of -v**6/120 + 2*v**5/15 - v**4/3 + 2*v**3/3 + 2*v**2. Give o(7).
-3
Let l(m) = 2 - m**2 + 2*m - 8*m - 4. Determine l(-5).
3
Let d(i) = i**3 - 9*i**2 + 7*i + 3. Let f be (8/(-5))/((-4)/20). Give d(f).
-5
Let k(z) = -5*z**3 + 4*z**2 - z - 24. Let p(t) = 9*t**3 - 7*t**2 + 2*t + 47. Let b(x) = -7*k(x) - 4*p(x). Give b(0).
-20
Suppose 0 = -4*o + 12 + 4, -4*a - 40 = -o. Let c(f) = f**3 + 8*f**2 - 9*f + 2. Determine c(a).
2
Suppose -4*d = -6 - 6. Suppose -2*b = 2*h - d*h, -28 = -4*b - 5*h. Let r(y) = y + 2*y + 3 - b*y + 1. Calculate r(-5).
-1
Let u(w) be the first derivative of -2*w**3/3 - 3*w**2 - 4*w + 1. Calculate u(-4).
-12
Let m(v) = -v**3 - 3*v**2 - 3*v - 2. Let w(h) = h**2 + 9*h - 3. Let c be w(-9). Calculate m(c).
7
Suppose -5*t = -28 - 2. Let s = t - 4. Suppose -s*g = -g. Let l(m) = -m + 2. Calculate l(g).
2
Let g(n) = n**2 - 17*n + 22. Let r be g(16). Let p(v) = -2*v - 3. Calculate p(r).
-15
Let s(z) = -z - 1. Let n = 2 + -5. Let b be ((-2)/(-6))/(n/(-72)). Suppose -d = d - b. Determine s(d).
-5
Let i(h) = -42 + 42 - 14*h. Give i(1).
-14
Let m(w) = -2 + w - 1 - 2*w - 3. Let r be 0*(2 - 0 - 3). Determine m(r).
-6
Let g(p) = -p**3 - 4*p**2 + p - 3. Let q(d) = -d**2 + 11*d - 14. Let w be q(10). Calculate g(w).
-7
Let b be 12/18*(-2)/8*-6. Let t(k) = 12*k**3 + k - 1. Determine t(b).
12
Suppose -3*u = -0*u + 9. Let y(h) = -h + 1. What is y(u)?
4
Let x = 1 - -12. Let l = x + -7. Suppose 25 = f - l*f. Let c(a) = a**3 + 5*a**2 + 2*a + 4. What is c(f)?
-6
Let u(f) = -138*f**3 + 276*f**3 - 8*f**2 - 139*f**3 - 5*f + 7. Determine u(-7).
-7
Let p(i) = i**3 + 8*i**2 + 5*i - 2. Let l = 101 + -108. What is p(l)?
12
Let r be (-75)/12 + (-1)/(-4). Let s be (10/r)/((-3)/(-9)). Let t(a) = a + 10. Let x(z) = -z - 9. Let h(w) = 3*t(w) + 4*x(w). Calculate h(s).
-1
Let k(w) = -7*w**3 - 5*w**2 - 5*w + 19. Let c(v) = 11*v**3 + 7*v**2 + 8*v - 29. Let t(z) = -5*c(z) - 8*k(z). Give t(-5).
-7
Let t(r) = 4*r + 0*r - 5*r. Let z be 5/(-30)*2 - 28/(-21). What is t(z)?
-1
Let j(h) = 0*h + 2*h - h - h**2. Let g = 13 + -1. Let i = 10 - g. Calculate j(i).
-6
Let l(j) = 2*j**2 - 5*j - 4. Let m be (-1 + (-10)/6)*(-21)/14. Calculate l(m).
8
Let p(j) = -2*j**3 + 5*j**2 - 7*j + 2. Let f(n) = -3*n**3 + 8*n**2 - 11*n + 3. Let q(h) = -5*f(h) + 7*p(h). Let a be (-5)/(-1) + (-30)/30. Give q(a).
7
Let i = -5 + 9. Let n(b) be the first derivative of b**6/360 - b**5/40 + b**4/8 + b**3/3 - 1. Let c(p) be the third derivative of n(p). What is c(i)?
7
Let g(a) = -a - 3. Let w = 2 + 4. Let u be ((-28)/w)/(8/(-12)). Let l = -7 + u. Calculate g(l).
-3
Let m(u) be the second derivative of -1/12*u**4 + 1/6*u**3 + 0 + u - 3*u**2. Let p(r) = -r - 13. Let v be p(-13). Calculate m(v).
-6
Suppose -3*b + 4*b = 12. Suppose -q = 3*q - b. Let l(z) = z**3 + 2*z**2 - z + 3*z**q + 0*z. What is l(1)?
5
Let g(i) = 5 - i - 2 - 3*i**2 - 1 - 3. Determine g(-1).
-3
Let u(h) = h + 2. Suppose 4*p - 3 = 57. Let w be (-8)/12*p/2. Determine u(w).
-3
Suppose 5*w - 13 = z - 4*z, -z - 3*w + 3 = 0. Let d(c) = -3*c - 8